{"id":20,"date":"2019-11-02T09:27:11","date_gmt":"2019-11-02T08:27:11","guid":{"rendered":"http:\/\/neu.steuerprofis-frankfurt.de\/templates\/wordpress\/?page_id=20"},"modified":"2020-06-15T15:23:53","modified_gmt":"2020-06-15T13:23:53","slug":"impressum","status":"publish","type":"page","link":"https:\/\/www.steuerprofis-frankfurt.de\/index.php\/impressum\/","title":{"rendered":"Impressum"},"content":{"rendered":"\r\n<p>Angaben gem\u00e4\u00df \u00a75 Telemediengesetz<\/p>\r\n\r\n\r\n\r\n<p><strong>CREMER\u00a0 GERMELMANN\u00a0 GRIMM<\/strong><br \/>Vereidigter Buchpr\u00fcfer, Steuerberater<\/p>\r\n\r\n\r\n\r\n<p>Schifferstra\u00dfe 29<br \/>60594 Frankfurt am Main<br \/>Tel.: 069\/626026<br \/>Fax: 069\/6031277<br \/><a href=\"mailto:info@steuerprofis-frankfurt.de\">info@steuerprofis-frankfurt.de<\/a><\/p>\r\n\r\n\r\n\r\n<p><strong>Berufsbezeichnung: Steuerberater<\/strong><\/p>\r\n\r\n\r\n\r\n<p>Berufsrechtliche Regelungen: <br \/>Steuerberatungsgesetz (StBerG), Durchf\u00fchrungsverordnung zum Steuerberatungsgesetz (DVStB), Berufsordnung f\u00fcr Steuerberater (BOStB), Steuerberaterverg\u00fctungsverordnung (StBVV).<\/p>\r\n\r\n\r\n\r\n<p>Die Regelungen k\u00f6nnen bei der Bundesteuerberaterkammer unter www.bstbk.de eingesehen werden.<\/p>\r\n\r\n\r\n\r\n<p>F\u00fcr die Berufsaufsicht ist die nachfolgende Kammer zust\u00e4ndig:<\/p>\r\n\r\n\r\n\r\n<p>Steuerberaterkammer Hessen<br \/>Gutleutstra\u00dfe 175<br \/>60327 Frankfurt<\/p>\r\n\r\n\r\n\r\n\r\n\r\n\r\n\r\n<p>Tel.: 069\/153002-0<br \/>Fax.: 069\/153002-60<br \/>Hompage: www.steuerberaterkammer-hessen.de<\/p>\r\n\r\n\r\n\r\n<p><strong>Berufsbezeichnung: vereidigter Buchpr\u00fcfer<\/strong><\/p>\r\n\r\n\r\n\r\n<p>Berufsrechtlichen Regelungen: <br \/>Wirtschaftspr\u00fcferordnung (WPO), Berufssatzung f\u00fcr Wirtschaftspr\u00fcfer\/vereidigte Buchpr\u00fcfer (BS WP\/vBP)<\/p>\r\n\r\n\r\n\r\n<p>Die Regelungen sind auf der homepage der Wirtschaftspr\u00fcferkammer www.wpk.de in der jeweils aktuellen Fassung zug\u00e4nglich.<\/p>\r\n\r\n\r\n\r\n<p>Als Aufsichtsbeh\u00f6rde f\u00fcr die T\u00e4tigkeit als vBP:<\/p>\r\n\r\n\r\n\r\n<p>Wirtschaftspr\u00fcferkammer<br \/>Rauchstr. 26<br \/>10787 Berlin<br \/>Tel.: 030\/726161-0,<br \/>Homepage: www.wpk.de<\/p>\r\n\r\n\r\n\r\n<p>Angaben nach \u00a7 36 Abs. 1 Nr. 2 VSBG:<\/p>\r\n\r\n\r\n\r\n<p>Wir sind grunds\u00e4tzlich nicht bereit und verpflichtet an Streitbeilegungsverfahren vor einer Verbraucherschlichtungsstelle teilzunehmen. Die allgemeine Verbraucherschlichtungsstelle des Zentrums f\u00fcr Schlichtung e.V. ist in 77694 Kehl, Stra\u00dfburger Str. 8<\/p>\r\n<p>Webdesign\/Programmierung<br \/><a href=\"https:\/\/www.grafix-dezign.de\" target=\"_blank\" rel=\"noopener noreferrer\">grafix-dezign<\/a><\/p>\r\n","protected":false},"excerpt":{"rendered":"<p>Angaben gem\u00e4\u00df \u00a75 Telemediengesetz CREMER\u00a0 GERMELMANN\u00a0 GRIMMVereidigter Buchpr\u00fcfer, Steuerberater Schifferstra\u00dfe 2960594 Frankfurt am MainTel.: 069\/626026Fax: 069\/6031277info@steuerprofis-frankfurt.de Berufsbezeichnung: Steuerberater Berufsrechtliche Regelungen: Steuerberatungsgesetz (StBerG), Durchf\u00fchrungsverordnung zum Steuerberatungsgesetz (DVStB), Berufsordnung f\u00fcr Steuerberater (BOStB), Steuerberaterverg\u00fctungsverordnung (StBVV). Die Regelungen k\u00f6nnen bei der Bundesteuerberaterkammer unter www.bstbk.de eingesehen werden. F\u00fcr die Berufsaufsicht ist die nachfolgende Kammer zust\u00e4ndig:&#8230; <a class=\"continue-reading-link\" href=\"https:\/\/www.steuerprofis-frankfurt.de\/index.php\/impressum\/\">weiter<\/a><\/p>\n","protected":false},"author":1,"featured_media":0,"parent":0,"menu_order":0,"comment_status":"closed","ping_status":"closed","template":"","meta":[],"_links":{"self":[{"href":"https:\/\/www.steuerprofis-frankfurt.de\/index.php\/wp-json\/wp\/v2\/pages\/20"}],"collection":[{"href":"https:\/\/www.steuerprofis-frankfurt.de\/index.php\/wp-json\/wp\/v2\/pages"}],"about":[{"href":"https:\/\/www.steuerprofis-frankfurt.de\/index.php\/wp-json\/wp\/v2\/types\/page"}],"author":[{"embeddable":true,"href":"https:\/\/www.steuerprofis-frankfurt.de\/index.php\/wp-json\/wp\/v2\/users\/1"}],"replies":[{"embeddable":true,"href":"https:\/\/www.steuerprofis-frankfurt.de\/index.php\/wp-json\/wp\/v2\/comments?post=20"}],"version-history":[{"count":10,"href":"https:\/\/www.steuerprofis-frankfurt.de\/index.php\/wp-json\/wp\/v2\/pages\/20\/revisions"}],"predecessor-version":[{"id":209,"href":"https:\/\/www.steuerprofis-frankfurt.de\/index.php\/wp-json\/wp\/v2\/pages\/20\/revisions\/209"}],"wp:attachment":[{"href":"https:\/\/www.steuerprofis-frankfurt.de\/index.php\/wp-json\/wp\/v2\/media?parent=20"}],"curies":[{"name":"wp","href":"https:\/\/api.w.org\/{rel}","templated":true}]}}